{"id":91,"date":"2020-12-19T22:09:07","date_gmt":"2020-12-19T21:09:07","guid":{"rendered":"http:\/\/ferienwohnung-gorxheimertal.de\/?page_id=91"},"modified":"2023-02-24T12:05:23","modified_gmt":"2023-02-24T11:05:23","slug":"wohnungsbeschreibung","status":"publish","type":"page","link":"https:\/\/ferienwohnung-gorxheimertal.de\/?page_id=91","title":{"rendered":"Wohnungsbeschreibung"},"content":{"rendered":"\t\t<div data-elementor-type=\"wp-page\" data-elementor-id=\"91\" class=\"elementor elementor-91\">\n\t\t\t\t\t\t<section class=\"elementor-section elementor-top-section elementor-element elementor-element-529ddeb5 elementor-section-boxed elementor-section-height-default elementor-section-height-default\" data-id=\"529ddeb5\" data-element_type=\"section\">\n\t\t\t\t\t\t<div class=\"elementor-container elementor-column-gap-default\">\n\t\t\t\t\t<div class=\"elementor-column elementor-col-100 elementor-top-column elementor-element elementor-element-7d58504a\" data-id=\"7d58504a\" data-element_type=\"column\">\n\t\t\t<div class=\"elementor-widget-wrap elementor-element-populated\">\n\t\t\t\t\t\t<div class=\"elementor-element elementor-element-4bc34a8b elementor-widget elementor-widget-text-editor\" data-id=\"4bc34a8b\" data-element_type=\"widget\" data-widget_type=\"text-editor.default\">\n\t\t\t\t<div class=\"elementor-widget-container\">\n\t\t\t\t\t\t\t<!-- wp:paragraph -->\n<h4><span style=\"color: #993300;\"><a style=\"color: #993300;\">92m\u00b2, 2-6 Personen, Allergikerfreundlich, 2 Schlafzimmer, 2 WC, \u00fcberdachte Terrasse und Garten<\/a><\/span><\/h4>\n<!-- \/wp:paragraph --><!-- wp:paragraph -->\n<h5>Die neu errichtete, allergikerfreundliche Ferienwohnung im Untergeschoss der Wohnimmobilie der Eigent\u00fcmer verf\u00fcgt \u00fcber einen gro\u00dfen modernen Wohn-\/Essbereich mit K\u00fcche und direktem Zugang zur Terrasse, (ca. 30 m\u00b2, davon ca. 20 m\u00b2 \u00fcberdacht) mit angrenzender Rasenfl\u00e4che\/Garten zur individuellen Nutzung. Au\u00dfenmobiliar steht zur Verf\u00fcgung.<\/h5>\n<h5><!-- \/wp:paragraph --><!-- wp:paragraph --><\/h5>\n<h5>2 Schlafzimmer mit Doppelbetten, ein separates WC inkl. Urinal sowie ein helles Bad mit Dusche (Regendusche) und weiterem WC verteilen sich auf die 92 m\u00b2 Wohnfl\u00e4che (ohne Terrassenfl\u00e4che), welche von 2-6 Personen (5. und 6. Person: Schlafsofa im Wohnbereich) genutzt werden kann.<\/h5>\n<h5><!-- \/wp:paragraph --><!-- wp:paragraph --><\/h5>\n<h5>Die K\u00fcche ist voll ausgestattet mit K\u00fchlschrank inkl. kleinem Gefrierfach, Sp\u00fclmaschine, Backofen, Mikrowelle, Herd, Kaffeevollautomat inkl.\u00a0 Kaffeebohnen, Wasserkocher, Toaster, Handmixer sowie Vollausstattung Geschirr usw..<\/h5>\n<h5><!-- \/wp:paragraph --><!-- wp:paragraph --><\/h5>\n<h5>Im Wohnbereich befinden sich 2 Ledersofas, davon ein Schlafsofa und ein Flachbildschirm. Zudem ein gro\u00dfer Tisch f\u00fcr 6 Personen mit Sitzbank und 4 St\u00fchlen, bei Bedarf zus\u00e4tzlich 2 Treppenhochst\u00fchle f\u00fcr Babys und Kinder (6 Monate-10 Jahre). W-LAN vorhanden. LAN-Anschluss in einem Schlafraum m\u00f6glich.<\/h5>\n<h5><!-- \/wp:paragraph --><!-- wp:paragraph --><\/h5>\n<h5>Alle Zimmer verf\u00fcgen \u00fcber ausreichend Tageslicht durch 7 gro\u00dfe Fenster und 3 Terrassent\u00fcren, davon 2 Doppelfl\u00fcgelt\u00fcren. Der Blick geht direkt ins Gr\u00fcne.<\/h5>\n<h5><!-- \/wp:paragraph --><!-- wp:paragraph --><\/h5>\n<h5>Bettw\u00e4sche und Handt\u00fccher werden gestellt.<\/h5>\n<h5><!-- \/wp:paragraph --><!-- wp:paragraph --><\/h5>\n<h5>Laminat, Fliesen, keine Teppiche.<\/h5>\n<h5><!-- \/wp:paragraph --><!-- wp:paragraph --><\/h5>\n<h5>Alle Matratzen sind mit Softsan-\u00dcberzug ausgestattet, allergikerfreundliche Kissen und Bettdecken.<\/h5>\n<h5>Parkfl\u00e4che und bei Bedarf <a>abschlie\u00dfbare Unterstellm\u00f6glichkeit <\/a>beispielsweise f\u00fcr Fahrr\u00e4der\/Mountainbikes sind vorhanden.<\/h5>\n<h5><!-- \/wp:paragraph --><!-- wp:paragraph --><\/h5>\n<!-- \/wp:paragraph -->\t\t\t\t\t\t<\/div>\n\t\t\t\t<\/div>\n\t\t\t\t\t<\/div>\n\t\t<\/div>\n\t\t\t\t\t<\/div>\n\t\t<\/section>\n\t\t\t\t<\/div>\n\t\t","protected":false},"excerpt":{"rendered":"<p>92m\u00b2, 2-6 Personen, Allergikerfreundlich, 2 Schlafzimmer, 2 WC, \u00fcberdachte Terrasse und Garten Die neu errichtete, allergikerfreundliche Ferienwohnung im Untergeschoss der Wohnimmobilie der Eigent\u00fcmer verf\u00fcgt \u00fcber einen gro\u00dfen modernen Wohn-\/Essbereich mit K\u00fcche und direktem Zugang zur Terrasse, (ca. 30 m\u00b2, davon ca. 20 m\u00b2 \u00fcberdacht) mit angrenzender Rasenfl\u00e4che\/Garten zur individuellen Nutzung. Au\u00dfenmobiliar steht zur Verf\u00fcgung. 2 [&hellip;]<\/p>\n","protected":false},"author":1,"featured_media":0,"parent":0,"menu_order":0,"comment_status":"closed","ping_status":"closed","template":"","meta":{"ocean_post_layout":"","ocean_both_sidebars_style":"","ocean_both_sidebars_content_width":0,"ocean_both_sidebars_sidebars_width":0,"ocean_sidebar":"0","ocean_second_sidebar":"0","ocean_disable_margins":"enable","ocean_add_body_class":"","ocean_shortcode_before_top_bar":"","ocean_shortcode_after_top_bar":"","ocean_shortcode_before_header":"","ocean_shortcode_after_header":"","ocean_has_shortcode":"","ocean_shortcode_after_title":"","ocean_shortcode_before_footer_widgets":"","ocean_shortcode_after_footer_widgets":"","ocean_shortcode_before_footer_bottom":"","ocean_shortcode_after_footer_bottom":"","ocean_display_top_bar":"on","ocean_display_header":"on","ocean_header_style":"top","ocean_center_header_left_menu":"0","ocean_custom_header_template":"0","ocean_custom_logo":0,"ocean_custom_retina_logo":0,"ocean_custom_logo_max_width":0,"ocean_custom_logo_tablet_max_width":0,"ocean_custom_logo_mobile_max_width":0,"ocean_custom_logo_max_height":0,"ocean_custom_logo_tablet_max_height":0,"ocean_custom_logo_mobile_max_height":0,"ocean_header_custom_menu":"0","ocean_menu_typo_font_family":"0","ocean_menu_typo_font_subset":"","ocean_menu_typo_font_size":0,"ocean_menu_typo_font_size_tablet":0,"ocean_menu_typo_font_size_mobile":0,"ocean_menu_typo_font_size_unit":"px","ocean_menu_typo_font_weight":"","ocean_menu_typo_font_weight_tablet":"","ocean_menu_typo_font_weight_mobile":"","ocean_menu_typo_transform":"","ocean_menu_typo_transform_tablet":"","ocean_menu_typo_transform_mobile":"","ocean_menu_typo_line_height":0,"ocean_menu_typo_line_height_tablet":0,"ocean_menu_typo_line_height_mobile":0,"ocean_menu_typo_line_height_unit":"","ocean_menu_typo_spacing":0,"ocean_menu_typo_spacing_tablet":0,"ocean_menu_typo_spacing_mobile":0,"ocean_menu_typo_spacing_unit":"","ocean_menu_link_color":"","ocean_menu_link_color_hover":"","ocean_menu_link_color_active":"","ocean_menu_link_background":"","ocean_menu_link_hover_background":"","ocean_menu_link_active_background":"","ocean_menu_social_links_bg":"","ocean_menu_social_hover_links_bg":"","ocean_menu_social_links_color":"","ocean_menu_social_hover_links_color":"","ocean_disable_title":"default","ocean_disable_heading":"default","ocean_post_title":"","ocean_post_subheading":"","ocean_post_title_style":"","ocean_post_title_background_color":"","ocean_post_title_background":0,"ocean_post_title_bg_image_position":"","ocean_post_title_bg_image_attachment":"","ocean_post_title_bg_image_repeat":"","ocean_post_title_bg_image_size":"","ocean_post_title_height":0,"ocean_post_title_bg_overlay":0.5,"ocean_post_title_bg_overlay_color":"","ocean_disable_breadcrumbs":"default","ocean_breadcrumbs_color":"","ocean_breadcrumbs_separator_color":"","ocean_breadcrumbs_links_color":"","ocean_breadcrumbs_links_hover_color":"","ocean_display_footer_widgets":"on","ocean_display_footer_bottom":"on","ocean_custom_footer_template":"0","footnotes":""},"class_list":["post-91","page","type-page","status-publish","hentry","entry"],"_links":{"self":[{"href":"https:\/\/ferienwohnung-gorxheimertal.de\/index.php?rest_route=\/wp\/v2\/pages\/91","targetHints":{"allow":["GET"]}}],"collection":[{"href":"https:\/\/ferienwohnung-gorxheimertal.de\/index.php?rest_route=\/wp\/v2\/pages"}],"about":[{"href":"https:\/\/ferienwohnung-gorxheimertal.de\/index.php?rest_route=\/wp\/v2\/types\/page"}],"author":[{"embeddable":true,"href":"https:\/\/ferienwohnung-gorxheimertal.de\/index.php?rest_route=\/wp\/v2\/users\/1"}],"replies":[{"embeddable":true,"href":"https:\/\/ferienwohnung-gorxheimertal.de\/index.php?rest_route=%2Fwp%2Fv2%2Fcomments&post=91"}],"version-history":[{"count":10,"href":"https:\/\/ferienwohnung-gorxheimertal.de\/index.php?rest_route=\/wp\/v2\/pages\/91\/revisions"}],"predecessor-version":[{"id":1439,"href":"https:\/\/ferienwohnung-gorxheimertal.de\/index.php?rest_route=\/wp\/v2\/pages\/91\/revisions\/1439"}],"wp:attachment":[{"href":"https:\/\/ferienwohnung-gorxheimertal.de\/index.php?rest_route=%2Fwp%2Fv2%2Fmedia&parent=91"}],"curies":[{"name":"wp","href":"https:\/\/api.w.org\/{rel}","templated":true}]}}

<div data-elementor-type="wp-page" data-elementor-id="91" class="elementor elementor-91">
						<section class="elementor-section elementor-top-section elementor-element elementor-element-529ddeb5 elementor-section-boxed elementor-section-height-default elementor-section-height-default" data-id="529ddeb5" data-element_type="section">
						<div class="elementor-container elementor-column-gap-default">
					<div class="elementor-column elementor-col-100 elementor-top-column elementor-element elementor-element-7d58504a" data-id="7d58504a" data-element_type="column">
			<div class="elementor-widget-wrap elementor-element-populated">
						<div class="elementor-element elementor-element-4bc34a8b elementor-widget elementor-widget-text-editor" data-id="4bc34a8b" data-element_type="widget" data-widget_type="text-editor.default">
				<div class="elementor-widget-container">
							<!-- wp:paragraph -->
<h4><span style="color: #993300;"><a style="color: #993300;">92m², 2-6 Personen, Allergikerfreundlich, 2 Schlafzimmer, 2 WC, überdachte Terrasse und Garten</a></span></h4>
<!-- /wp:paragraph --><!-- wp:paragraph -->
<h5>Die neu errichtete, allergikerfreundliche Ferienwohnung im Untergeschoss der Wohnimmobilie der Eigentümer verfügt über einen großen modernen Wohn-/Essbereich mit Küche und direktem Zugang zur Terrasse, (ca. 30 m², davon ca. 20 m² überdacht) mit angrenzender Rasenfläche/Garten zur individuellen Nutzung. Außenmobiliar steht zur Verfügung.</h5>
<h5><!-- /wp:paragraph --><!-- wp:paragraph --></h5>
<h5>2 Schlafzimmer mit Doppelbetten, ein separates WC inkl. Urinal sowie ein helles Bad mit Dusche (Regendusche) und weiterem WC verteilen sich auf die 92 m² Wohnfläche (ohne Terrassenfläche), welche von 2-6 Personen (5. und 6. Person: Schlafsofa im Wohnbereich) genutzt werden kann.</h5>
<h5><!-- /wp:paragraph --><!-- wp:paragraph --></h5>
<h5>Die Küche ist voll ausgestattet mit Kühlschrank inkl. kleinem Gefrierfach, Spülmaschine, Backofen, Mikrowelle, Herd, Kaffeevollautomat inkl.  Kaffeebohnen, Wasserkocher, Toaster, Handmixer sowie Vollausstattung Geschirr usw..</h5>
<h5><!-- /wp:paragraph --><!-- wp:paragraph --></h5>
<h5>Im Wohnbereich befinden sich 2 Ledersofas, davon ein Schlafsofa und ein Flachbildschirm. Zudem ein großer Tisch für 6 Personen mit Sitzbank und 4 Stühlen, bei Bedarf zusätzlich 2 Treppenhochstühle für Babys und Kinder (6 Monate-10 Jahre). W-LAN vorhanden. LAN-Anschluss in einem Schlafraum möglich.</h5>
<h5><!-- /wp:paragraph --><!-- wp:paragraph --></h5>
<h5>Alle Zimmer verfügen über ausreichend Tageslicht durch 7 große Fenster und 3 Terrassentüren, davon 2 Doppelflügeltüren. Der Blick geht direkt ins Grüne.</h5>
<h5><!-- /wp:paragraph --><!-- wp:paragraph --></h5>
<h5>Bettwäsche und Handtücher werden gestellt.</h5>
<h5><!-- /wp:paragraph --><!-- wp:paragraph --></h5>
<h5>Laminat, Fliesen, keine Teppiche.</h5>
<h5><!-- /wp:paragraph --><!-- wp:paragraph --></h5>
<h5>Alle Matratzen sind mit Softsan-Überzug ausgestattet, allergikerfreundliche Kissen und Bettdecken.</h5>
<h5>Parkfläche und bei Bedarf <a>abschließbare Unterstellmöglichkeit </a>beispielsweise für Fahrräder/Mountainbikes sind vorhanden.</h5>
<h5><!-- /wp:paragraph --><!-- wp:paragraph --></h5>
<!-- /wp:paragraph -->						</div>
				</div>
					</div>
		</div>
					</div>
		</section>
				</div>

<p>92m², 2-6 Personen, Allergikerfreundlich, 2 Schlafzimmer, 2 WC, überdachte Terrasse und Garten Die neu errichtete, allergikerfreundliche Ferienwohnung im Untergeschoss der Wohnimmobilie der Eigentümer verfügt über einen großen modernen Wohn-/Essbereich mit Küche und direktem Zugang zur Terrasse, (ca. 30 m², davon ca. 20 m² überdacht) mit angrenzender Rasenfläche/Garten zur individuellen Nutzung. Außenmobiliar steht zur Verfügung. 2 [&hellip;]</p>
